f w and z?
17
Let t be (-2)/(-1)*(-14 + 82). Suppose 3*a = -5*a + 64. Calculate the highest common factor of t and a.
8
Suppose 51808*a = 51832*a - 9672. What is the greatest common factor of 527 and a?
31
Suppose 98 = 9*k - 46. Let l be (1 - 25)*(-902)/123. What is the highest common factor of k and l?
16
Let l(a) = a + 14. Let x be l(10). Let w = 7 + x. Calculate the highest common factor of 341 and w.
31
Suppose -d + 1 - 5 = 0, 5*p = -d + 11. Suppose -5*r - p*n + 591 = 0, -4*n - n = -4*r + 495. Calculate the greatest common factor of r and 320.
40
Let d be 1*(-1814)/(-10) - 2/5. Suppose 5*m + 56 = d. What is the greatest common factor of 125 and m?
25
Let f be 4/26 + (-1 - (-108)/(-26)). Let q be 4/(10/f - 4)*-690. What is the highest common divisor of 20 and q?
20
Suppose 4*n + 223*m = 225*m + 1386, 3*n + 3*m = 1008. Calculate the highest common divisor of 1421 and n.
49
Suppose -2*v + 22 = -16. Suppose v = n + 7. Let u = -11 + n. What is the greatest common factor of u and 1?
1
Let t(g) be the second derivative of g**5/20 - 5*g**4/12 + 5*g**3/3 - 5*g**2/2 + 40*g + 1. Let k be t(3). Calculate the greatest common divisor of k and 147.
7
Let a(w) = w**3 - 20*w**2 + 25*w - 96. Let h be a(19). Let b = 9 + -3. What is the greatest common factor of h and b?
6
Let g be (12 - -2) + -9 + -3. Suppose 49 = 4*v + 3*b - 68, -5*b + 15 = 0. Calculate the highest common divisor of v and g.
1
Suppose 6*w = -4*l + 7*w + 618, 3*w = l - 160. What is the greatest common divisor of l and 1134?
14
Let r be -1*(-26)/14*14. Suppose -4*f + 3*h + 449 = -481, 0 = 4*h - 8. What is the greatest common factor of r and f?
26
Suppose 0 = -2*x + 5*d + 292, -2 = -2*d - 6. Suppose 129*w - x*w = -3936. Calculate the highest common factor of 8 and w.
8
Let a = 8 + -7. Suppose -3*g - a + 25 = 3*y, 0 = -2*g - 4*y + 6. Let p(b) = -11*b - 53. Let h be p(-6). Calculate the highest common factor of h and g.
13
Suppose 0 = 3*u + 4*i - 13 - 8, 5*i = 3*u + 6. Suppose 5*g + 12 = -u. Let o be 1/((1/g)/((-21)/9)). What is the greatest common factor of 56 and o?
7
Let b(v) = -3*v**3 + v**2. Let x be b(1). Let a be (-5)/((-10)/156)*(3 + x). Calculate the highest common divisor of 208 and a.
26
Let g be (-1*39)/(-3)*1. Let l(d) = 4*d**2 + 5*d + 4. Let n be l(-2). Let y(f) = 13*f + 13. Let h be y(n). Calculate the greatest common divisor of g and h.
13
Suppose -125*o - 36656 + 131980 + 243301 = 0. What is the highest common divisor of 63 and o?
63
Let m = -171 - -1058. Suppose a - 5*i = 466, -7*i + 8*i + m = 2*a. Calculate the highest common divisor of a and 126.
63
Suppose 575*f - 571*f - 420 = 0. Let p(b) = 4*b - 3. Let k be p(6). Suppose -2*n + 3*n = k. Calculate the greatest common divisor of f and n.
21
Suppose -2*o - 20 = -6*o - 3*a, -4*o + 20 = -5*a. Let y(d) = 4803 + 2*d**2 - 4803. Let h be y(o). Calculate the greatest common divisor of 20 and h.
10
Let g = -90 + 132. Suppose g = 121*q - 119*q. Let v be (-923)/(-4) + (-5)/(-20). What is the greatest common divisor of q and v?
21
Let a = -229 - -230. Let w be (-170 - a*-2)/((-9)/9). Calculate the highest common divisor of w and 21.
21
Let l = -3685 - -3713. Calculate the greatest common divisor of 3402 and l.
14
Suppose 4*i - 9 = -4*y + y, -i + 9*y + 90 = 0. Let t = -12 - -17. Suppose -t*w + 32 = -103. What is the highest common divisor of w and i?
9
Let u be (-1927)/(-6) - ((-44)/(-55) + (-19)/30). What is the greatest common factor of u and 15?
3
Let l = 10244 - 9894. What is the greatest common factor of l and 280?
70
Suppose 1596232 = -812*v + 909*v. What is the greatest common factor of 88 and v?
88
Let u = -119 - -407. Let f = -138 + u. Calculate the highest common divisor of f and 30.
30
Let l = 4207 + -4159. What is the greatest common divisor of 768 and l?
48
Suppose 3376 - 1936 = -13*t + 3260. Calculate the highest common divisor of t and 4844.
28
Let j(h) = 9*h + 706. Let r be j(-78). What is the highest common factor of r and 824?
4
Suppose 2*j - 4*f + 16 = -3*j, 3*j - 2*f = -8. Suppose -t - 4*k + 6 = 0, 4*t + 4*k + 8 - 32 = j. What is the highest common divisor of 9 and t?
3
Let o(c) = -c**2 - 4*c + 660. Let q be o(0). Suppose 0 = 5*h - 5*g - 660, 5*h - q = -8*g + 5*g. Calculate the greatest common divisor of h and 12.
12
Let m(g) = 60*g + 1221. Let p be m(-20). What is the greatest common factor of p and 168?
21
Let m be 3 + (3*1 - 8/4). Suppose -3*z = -3*q - 180, 5*q = -11 - m. What is the greatest common factor of z and 152?
19
Let h(g) = -5*g - 113. Let u be h(-26). Let i be (u/((-51)/(-240)))/2. Let f(p) = 6*p - 8. Let q be f(8). Calculate the highest common factor of i and q.
40
Let g = 339 + -274. Let n be (-3)/((-2)/(-5) - 1). Calculate the greatest common divisor of n and g.
5
Let t(l) = 23*l**3 + 6*l - 10 + l**2 - 15*l**2 + 7*l**2 + 4*l**2. Let o be t(2). What is the greatest common factor of o and 116?
58
Suppose 435*r - 436*r - 518 = -5*c, 112 = c + 4*r. Calculate the highest common factor of c and 328.
8
Let p(x) = 9*x + 152. Let f be p(-15). Let m = -193 - -703. What is the highest common factor of f and m?
17
Let x(j) = -3*j - 1. Let p be x(1). Let r be (-1)/(-2) - 18/p. Suppose -b = -r*b + 48. Calculate the highest common factor of 60 and b.
12
Let t(d) = 38*d + 40. Let n be t(8). Let j = n - 214. Calculate the highest common divisor of 10 and j.
10
Let f(s) = 5*s**2 - 15*s. Let t be f(4). Let x be t/9 + 14/(-63). Calculate the highest common factor of 34 and x.
2
Let f = 631 - 231. Suppose -2*l - 3*l + f = 0. Let x = 3227 - 3217. Calculate the highest common factor of x and l.
10
Suppose 3*c - 4*d - 63 = -7*d, 4*c - 2*d - 78 = 0. What is the greatest common factor of 75 and c?
5
Suppose -101 = -2*m - g, -2*g = 4*m - 7*g - 223. What is the greatest common factor of 2249 and m?
13
Let b be (-4)/3*-204*2. What is the greatest common factor of b and 34?
34
Let p(t) = 18*t**2 - 8*t + 5. Suppose -2*v - 2*n - 2 = 2*v, 4*v + 3*n = -5. Let q be p(v). Suppose 4*c - 20 = 2*c. What is the highest common factor of c and q?
5
Let o(d) = d**2 - 309*d - 3464. Let u be o(-11). Calculate the highest common factor of u and 8876.
28
Let s = 367 - 217. Calculate the greatest common factor of s and 1400.
50
Let h = -394 - -398. Suppose f - 51 = -3*s + 6*f, 12 = 2*s + h*f. What is the greatest common factor of 444 and s?
12
Let t(j) = -j + 6. Let l be t(5). Suppose o + l = -1. Let h be 5*8/2 + 4/o. Calculate the greatest common factor of 9 and h.
9
Let l(j) = 2*j**2 - 15*j - 26. Let f = 190 + -179. Let k be l(f). Calculate the greatest common factor of k and 969.
51
Let o(j) = -j**2 - 106*j - 497. Let h be o(-101). What is the highest common factor of h and 1768?
8
Let l be (-136)/(-10) + 2/5. Let f(x) = -5*x**3 + 508*x**2 + 202*x + 220. Let j be f(102). Calculate the highest common factor of l and j.
2
Let h = 6647 + -6569. Let u be 7650/14 + 12/(-28). Calculate the highest common factor of u and h.
78
Let d be (-1 + -1)/(-4) + (-2415)/(-966). What is the greatest common factor of 5127 and d?
3
Suppose -35*r = 15 - 1905. Suppose -4*x + 76 = 2*o, 4*x - o - 23 = 41. Suppose -x = -q + 19. What is the highest common divisor of r and q?
18
Let y = -8720 + 8793. Calculate the highest common factor of 511 and y.
73
Let f = 6 + -5. Suppose -5*i = 2*g - 54, 2*i - 5*g + 6*g - 21 = 0. Suppose 24 + i = 9*h. Calculate the highest common factor of f and h.
1
Suppose -4239 = 122*z - 31471 - 71100. Calculate the greatest common divisor of z and 78.
26
Suppose 756 = 180*h - 153*h. Suppose 5*x = -2*j + 8, -5*j - x + 0*x + 20 = 0. Calculate the greatest common factor of j and h.
4
Let n = -7657 - -11465. Calculate the highest common divisor of 408 and n.
136
Suppose 3320*o - 3329*o = 0. Suppose o = -2*f - d + 192 + 118, -2*d = -4. Let p be 57/4 - (-2)/(-8). What is the greatest common divisor of p and f?
14
Let x be (2/2)/(3*(-1)/(-1122)). Let y = -3364 + 3408. Calculate the highest common divisor of y and x.
22
Let d = 285 + -281. Suppose 13*m = -d*m + 3485. Calculate the greatest common divisor of 82 and m.
41
Suppose 8*c - 2016 = -24. Let l = c - 168. What is the greatest common divisor of 9 and l?
9
Let x be (-1 - 109) + 13/(104/(-24)). Let y = x - -109. Let l be (-90)/27*6/y. Calculate the highest common divisor of l and 65.
5
Let y(j) 